6575 is divided by 78282?
11
Calculate the remainder when 24670 is divided by 83.
19
What is the remainder when 2865 is divided by 222?
201
What is the remainder when 44476 is divided by 2469?
34
What is the remainder when 32534 is divided by 135?
134
What is the remainder when 22624 is divided by 2359?
1393
What is the remainder when 68094 is divided by 256?
254
What is the remainder when 19928 is divided by 301?
62
What is the remainder when 2919267 is divided by 365?
362
What is the remainder when 484 is divided by 114?
28
What is the remainder when 149740 is divided by 206?
184
What is the remainder when 1041046 is divided by 69402?
16
What is the remainder when 69059 is divided by 34529?
1
What is the remainder when 15887 is divided by 198?
47
Calculate the remainder when 2838 is divided by 288.
246
What is the remainder when 1316 is divided by 450?
416
Calculate the remainder when 48222 is divided by 709.
10
Calculate the remainder when 9336 is divided by 323.
292
What is the remainder when 161208 is divided by 35?
33
What is the remainder when 6784 is divided by 58?
56
What is the remainder when 15252 is divided by 7599?
54
Calculate the remainder when 373215 is divided by 17.
14
Calculate the remainder when 8135 is divided by 570.
155
What is the remainder when 37762 is divided by 37750?
12
Calculate the remainder when 7524 is divided by 534.
48
Calculate the remainder when 23453 is divided by 15.
8
What is the remainder when 292138 is divided by 135?
133
Calculate the remainder when 34273 is divided by 61.
52
Calculate the remainder when 307245 is divided by 186.
159
What is the remainder when 12929 is divided by 558?
95
Calculate the remainder when 513589 is divided by 14.
13
What is the remainder when 242109 is divided by 312?
309
Calculate the remainder when 2752 is divided by 2618.
134
Calculate the remainder when 5104 is divided by 10.
4
Calculate the remainder when 1121 is divided by 265.
61
Calculate the remainder when 481642 is divided by 71.
49
What is the remainder when 642345 is divided by 252?
249
What is the remainder when 1143 is divided by 1086?
57
What is the remainder when 20213 is divided by 12?
5
Calculate the remainder when 1987 is divided by 332.
327
Calculate the remainder when 24509 is divided by 342.
227
What is the remainder when 3466 is divided by 165?
1
What is the remainder when 3183 is divided by 3106?
77
What is the remainder when 46663 is divided by 576?
7
Calculate the remainder when 28411 is divided by 192.
187
Calculate the remainder when 74376 is divided by 7435.
26
Calculate the remainder when 3164 is divided by 89.
49
What is the remainder when 1535107 is divided by 18275?
7
What is the remainder when 4392 is divided by 174?
42
Calculate the remainder when 882 is divided by 22.
2
What is the remainder when 40957 is divided by 130?
7
What is the remainder when 5638 is divided by 282?
280
Calculate the remainder when 200858 is divided by 242.
240
Calculate the remainder when 295031 is divided by 98342.
5
Calculate the remainder when 630 is divided by 628.
2
Calculate the remainder when 3657 is divided by 457.
1
What is the remainder when 12220 is divided by 84?
40
What is the remainder when 14031 is divided by 8?
7
What is the remainder when 43363 is divided by 104?
99
Calculate the remainder when 2184 is divided by 432.
24
Calculate the remainder when 7372 is divided by 212.
164
What is the remainder when 1362 is divided by 337?
14
Calculate the remainder when 396 is divided by 106.
78
What is the remainder when 1618 is divided by 1557?
61
Calculate the remainder when 4079 is divided by 53.
51
What is the remainder when 1806 is divided by 199?
15
What is the remainder when 5012 is divided by 68?
48
What is the remainder when 1964 is divided by 27?
20
Calculate the remainder when 94064 is divided by 202.
134
Calculate the remainder when 388891 is divided by 86.
85
What is the remainder when 1198 is divided by 216?
118
What is the remainder when 1510 is divided by 141?
100
What is the remainder when 10940 is divided by 3516?
392
What is the remainder when 1464 is divided by 720?
24
Calculate the remainder when 6058466 is divided by 26.
24
Calculate the remainder when 19309 is divided by 19309.
0
Calculate the remainder when 1479886 is divided by 344.
342
What is the remainder when 146799 is divided by 80?
79
Calculate the remainder when 2158 is divided by 19.
11
What is the remainder when 3312 is divided by 175?
162
Calculate the remainder when 231011 is divided by 108.
107
Calculate the remainder when 50965 is divided by 72.
61
Calculate the remainder when 11744914 is divided by 12.
10
Calculate the remainder when 3546 is divided by 377.
153
Calculate the remainder when 3636 is divided by 315.
171
Calculate the remainder when 10128 is divided by 110.
8
Calculate the remainder when 71798 is divided by 35889.
20
Calculate the remainder when 26902 is divided by 6718.
30
What is the remainder when 3164 is divided by 1024?
92
What is the remainder when 1652 is divided by 27?
5
What is the remainder when 1210 is divided by 115?
60
Calculate the remainder when 126293 is divided by 93.
92
Calculate the remainder when 6636 is divided by 1321.
31
Calculate the remainder when 6465 is divided by 30.
15
Calculate the remainder when 5526 is divided by 552.
6
What is the remainder when 6683 is divided by 438?
113
What is the remainder when 1508 is divided by 60?
8
What is the remainder when 13721 is divided by 132?
125
Calculate the remainder when 1106613 is divided by 84.
81
What is the remainder when 1092 is divided by 532?
28
What is the remainder when 167135 is divided by 327?
38
What is the remainder when 396722 is divided by 2?
0
What is the remainder when 28769 is divided by 204?
5
Calculate the remainder when 4566589 is divided by 623.
622
What is the remainder when 26881 is divided by 6717?
13
What is the remainder when 5638174 is divided by 12?
10
Calculate the remainder when 897 is divided by 160.
97
What is the remainder when 220770 is divided by 157?
28
What is the remainder when 430073 is divided by 28?
21
What is the remainder when 8349 is divided by 345?
69
What is the remainder when 171145 is divided by 83?
82
What is the remainder when 611046 is divided by 1665?
1656
Calculate the remainder when 1020 is divided by 260.
240
What is the remainder when 50323 is divided by 273?
91
Calculate the remainder when 17975 is divided by 17.
6
Calculate the remainder when 184497 is divided by 82.
79
Calculate the remainder when 29338 is divided by 90.
88
What is the remainder when 47573 is divided by 328?
13
Calculate the remainder when 3502 is divided by 2939.
563
What is the remainder when 28756 is divided by 181?
158
Calculate the remainder when 7695 is divided by 321.
312
What is the remainder when 1567 is divided by 120?
7
Calculate the remainder when 4031 is divided by 370.
331
What is the remainder when 357806 is divided by 304?
302
Calculate the remainder when 297773 is divided by 148881.
11
Calculate the remainder when 1492 is divided by 875.
617
Calculate the remainder when 7505 is divided by 35.
15
Calculate the remainder when 854999 is divided by 171.
170
What is the remainder when 15715 is divided by 1309?
7
Calculate the remainder when 18073 is divided by 9034.
5
Calculate the remainder when 2380 is divided by 739.
163
What is the remainder when 220446 is divided by 23?
14
Calculate the remainder when 1316 is divided by 305.
96
Calculate the remainder when 14535 is divided by 12.
3
What is the remainder when 1380 is divided by 361?
297
What is the remainder when 3736 is divided by 162?
10
What is the remainder when 472323 is divided by 25?
23
What is the remainder when 361 is divided by 93?
82
Calculate the remainder when 4492 is divided by 4468.
24
What is the remainder when 21700 is divided by 1205?
10
What is the remainder when 30337 is divided by 790?
317
What is the remainder when 147 is divided by 16?
3
Calculate the remainder when 2317 is divided by 639.
400
Calculate the remainder when 1052 is divided by 186.
122
What is the remainder when 66105 is divided by 311?
173
What is the remainder when 34837 is divided by 3870?
7
What is the remainder when 544316 is divided by 7?
3
What is t